 d(i) = -8 + 10*i - 3*i**2 + 4*i**2 - 2*i**2 + 1. What are the prime factors of d(7)?
2, 7
Let y(f) = 6*f**2 - 1. Let w be y(-1). Suppose -w*i = -5*a - 140, -i + 0*i = a - 30. List the prime factors of i.
29
Let z(m) = m**3 - 3*m**2 - 10*m + 2. Let o be z(7). Let p be 2/7 + o/(-7). Let k = -7 - p. List the prime factors of k.
11
Suppose -14*x + 164 = -10*x. What are the prime factors of x?
41
Suppose 0 = -2*a + a + 20. Suppose -5*o + 10*o = a. Suppose w + 24 = o*w. List the prime factors of w.
2
Let t = -3 - -10. Suppose -t*b = -6*b - 33. Suppose 2*p = -p + b. What are the prime factors of p?
11
Let q be (4 - 0)/(6/9). Suppose q*o - 15 = 3*o. What are the prime factors of o?
5
Let q(a) = -2*a - 1. Suppose -2*y - 3*n = -21, y + 5*n = -y + 31. Suppose y*t + g = -4, -2 = -t - 3*g + 10. What are the prime factors of q(t)?
5
Let l(z) = -4*z + 1. Suppose -2*p = -5*n + 22, 2*p = -p - n + 1. List the prime factors of l(p).
5
Let l(p) = -4*p - 1. What are the prime factors of l(-22)?
3, 29
Let z(r) = -r**3 - 14*r**2 - 17*r - 14. What are the prime factors of z(-13)?
2, 19
Suppose 0*c = c + 7. Let b = 9 - c. What are the prime factors of b?
2
Let q = 11 + 106. List the prime factors of q.
3, 13
Suppose -3*m + 8 = -4*m. Let s = 23 + m. List the prime factors of s.
3, 5
Suppose -40 = -5*p + 440. List the prime factors of p.
2, 3
Let t(o) = o**3 - 5*o**2 + 2*o + 7. What are the prime factors of t(5)?
17
Let s(l) = 21*l**2 - 6*l + 4. What are the prime factors of s(-3)?
211
Suppose 0 = 2*z + 64 - 244. What are the prime factors of z?
2, 3, 5
What are the prime factors of 4/(-8)*-14*6?
2, 3, 7
Let k be 24/(0 - 1) - 3. Let t = k - -47. List the prime factors of t.
2, 5
Let w = -42 - -86. Suppose 0 = 4*i + 2*f - 166 + w, i - 5*f = 47. List the prime factors of i.
2
What are the prime factors of ((28/(-8))/(-7) + 0)*210?
3, 5, 7
Let n be 14 + (1/(-1) - -1). Let l = n - 8. Let j = 6 + l. List the prime factors of j.
2, 3
Let p = 17 - 14. What are the prime factors of p?
3
List the prime factors of 33 + (-8)/(-2) + -1.
2, 3
Let o(f) = -6*f**2 - 3*f - 2. Let z(c) = -c - 1. Let y(i) = -o(i) + 3*z(i). List the prime factors of y(-1).
5
Suppose -v - v - 20 = 0. Let x = -4 - v. List the prime factors of x.
2, 3
Let c(b) = -b**2 - 10*b - 11. Let z be c(-8). Suppose z*g - 5*i = 15 - 0, 18 = 4*g - 2*i. What are the prime factors of g?
2, 3
Let y = 21 - -111. List the prime factors of y.
2, 3, 11
Let c(n) = n**2 - 6*n + 7. Suppose 3*z + 48 = 5*q, 3*q + 2*z = 5*q - 16. Let r = q - 6. What are the prime factors of c(r)?
7
Let m(o) = -43*o - 1. List the prime factors of m(-1).
2, 3, 7
Let y(p) = -4*p - 5. Let h(u) = -16*u - 21. Let i(t) = 2*h(t) - 9*y(t). Let l be i(5). Let d = 33 - l. List the prime factors of d.
2, 5
Suppose 0 = y + 1, -2*t = -6*t + 5*y + 121. Suppose 4*i = -x - x + 86, 2*x - t = -i. List the prime factors of i.
19
Let m be (-36)/(-2) - (-2 + 5). List the prime factors of 245/m + (-4)/(-6).
17
Let s(g) = g**2 + 2*g - 1. Let v be s(-4). Let m = -3 + v. What are the prime factors of (m/(-8))/(3/(-120))?
2, 5
Suppose 7*i - 20 = 2*i. Suppose i*m + 3 = -3*w + 28, 3*w = 2*m + 37. List the prime factors of w.
11
Let s = 434 + -301. List the prime factors of s.
7, 19
Let v(n) = 3*n**2 - 3*n + 6. Let a be v(4). Suppose a = -2*g + 5*g. What are the prime factors of g?
2, 7
Suppose -3*w + 9 = -4*j, 3 = 5*w - 4*w + j. Suppose 4*a - w*a = 36. What are the prime factors of a?
2, 3
Suppose -7*u = -u - 918. List the prime factors of u.
3, 17
Let b(l) = -l + 8. Let o = 19 - -8. Suppose 3 - o = 4*m. What are the prime factors of b(m)?
2, 7
Suppose -8*w = -0*w - 128. What are the prime factors of w?
2
Suppose 4*x - 25 = -5*q, -x + 2*q + 2*q = 20. Suppose x*f - f = k - 20, -3*k + 3*f + 54 = 0. List the prime factors of k.
19
Suppose -5*h - 4*a + 54 = 0, 0 = -0*h + 3*h - 5*a - 25. Suppose -5*k + 47 = -3*k - 3*q, 2*q - 2 = 0. Let l = k - h. List the prime factors of l.
3, 5
Suppose f + 4*g - 33 = 0, -2*f + 0*f - 5*g + 51 = 0. Let z(i) = -i**3 + 12*i**2 + 15*i - 16. List the prime factors of z(f).
2, 5
Let y(d) = 2*d. Let s be y(3). Suppose 0*u = -3*u + s. Suppose u*i - 8 = 4. What are the prime factors of i?
2, 3
Let h = 0 + 0. Suppose h = -5*c + 9 + 36. What are the prime factors of c?
3
Suppose -2*h + 8 = -3*q, -h = -0*q - 2*q - 4. Suppose 2*o - 5*r - 32 = q, -o + 2*r + 18 = -r. List the prime factors of o.
2, 3
Suppose -880 = -4*l - t, -4*t + 3*t - 880 = -4*l. What are the prime factors of l?
2, 5, 11
Let s(m) = -m + 11. Let c be s(0). Let t = 20 + c. What are the prime factors of t?
31
Let n = 173 - 102. List the prime factors of n.
71
Let x(p) = -p**2 - 16*p - 8. What are the prime factors of x(-6)?
2, 13
Let i(w) = 27*w - 14. List the prime factors of i(6).
2, 37
Let n(c) = c**3 - c**2 - 1. Let s(b) = -5*b**3 + 12*b**2 - 2*b + 9. Let t(i) = 6*n(i) + s(i). What are the prime factors of t(-6)?
3, 5
Let d(r) = r. Let u be d(-13). List the prime factors of (1/(-2))/(u/806).
31
Suppose -2*r + 37 = -3*r. Let j = r + 65. Suppose -3*i + 4*p + j = i, 3*i + 3*p - 45 = 0. List the prime factors of i.
11
Let t(l) = l**2 - 5*l + 6. Let b be t(5). Suppose r - 2*r + b = 0. Suppose 4*w - r = -3*s, 2*s + 3*w = -0*s + 4. What are the prime factors of s?
2
Let f(d) = -d**3 - 12*d**2 - 10*d + 13. Let i be f(-11). Suppose 5*w = i*w + 21. List the prime factors of w.
7
Suppose -6*b + 5*s = -4*b - 281, -2*b + 2*s + 290 = 0. What are the prime factors of b?
2, 37
Let z = -78 + 165. Suppose -3*y + 5*i = -0*i - z, 0 = 2*y + 2*i - 58. Let p = -16 + y. What are the prime factors of p?
13
Let v = 9 + 32. What are the prime factors of v?
41
What are the prime factors of (1/1 - 2)*-68?
2, 17
Let w be ((-12)/(-5))/((-2)/(-70)). Let h be w/5 + (-3)/(-15). Let s = h + -6. What are the prime factors of s?
11
Let c(p) = 5*p**2 - 1. Let i be c(-1). Suppose 2*z = -i + 32. Let j = -5 + z. List the prime factors of j.
3
Let i(x) = -3*x**3 - 12*x**2 - 6*x + 7. Let a(h) = h**3 + h**2 + h + 1. Let l(s) = 2*a(s) + i(s). List the prime factors of l(-10).
7
Let a(r) = 2*r**2 + 4*r + 5. Let q be a(4). Let d = q - 24. List the prime factors of d.
29
Let f = 10 - 7. List the prime factors of (f/6)/((-4)/(-176)).
2, 11
Let f(u) = -u**2 - 2*u - 3. Let v be f(3). Let y = 29 + v. List the prime factors of y.
11
Suppose -2*h = -h + 4. Let v = h + 7. What are the prime factors of v?
3
Let y be (-30)/(-8) + 3/12. What are the prime factors of 66/y + (-4)/(-8)?
17
Let z(g) = g**3 - 13*g**2 + 2*g + 7. Suppose -4*r + 36 = -16. What are the prime factors of z(r)?
3, 11
Let m be 9/(18/(-8)) + 78. Let y = m - 22. List the prime factors of y.
2, 13
Suppose 33 = -2*b + 585. List the prime factors of b.
2, 3, 23
Let d = 15 + 18. What are the prime factors of d?
3, 11
Let m = 2 + 0. List the prime factors of m.
2
What are the prime factors of (-274)/(-4) - (15/6 + -2)?
2, 17
Let k(p) = 6*p**2 + 6*p + 10. Let c be k(-6). Suppose 0 = 5*y - c. What are the prime factors of y?
2, 19
Suppose 19 - 3 = 4*t. Suppose t*z = 3*z. Suppose k + 4*k - 105 = z. List the prime factors of k.
3, 7
Let q be 1/2*(4 + -4). Suppose 0 = z - 3 - q. Suppose -y - 3*y = -4*c - 76, -5*y = z*c - 55. What are the prime factors of y?
2, 7
Suppose 0 = -4*v + 2*j + 8, 0 = -3*v - v + 4*j + 16. Suppose v*u = u. Suppose u = -2*m - 2*q - q + 16, -4*q = -4*m + 72. What are the prime factors of m?
2, 7
Let b = -3 - -43. Let k = 16 + b. Suppose 4*i - 3*p - k = p, -2*i + 4*p = -26. List the prime factors of i.
3, 5
Suppose -3*q - q = -8. Suppose i + q = -4*d - 4, 3*d - 4*i - 5 = 0. Let o(w) = -6*w. List the prime factors of o(d).
2, 3
Let s(t) = t**3 - 5*t**2 - 6*t + 7. Let r be s(6). Let j = -1 + r. What are the prime factors of (-8)/12 - (-28)/j?
2
Suppose -33*r + 75 = -30*r. What are the prime factors of r?
5
Let s = -1 - -4. Let m(r) = r**3 - 3*r**2 - 2*r + 4. Let b be m(s). List the prime factors of b/(-6) - (-25)/15.
2
Let o = 34 - 16. List the prime factors of o.
2, 3
Let c = -5 + 8. Suppose 8 = 2*j, -5*j - 31 = -3*m - c. What are the prime factors of m?
2
What are the prime factors of (4/(-6))/((-24)/684)?
19
Suppose -2*r = -4 - 0. Suppose r*m - 18 = -m. List the prime factors of m.
2, 3
Let n be ((-16)/(-12))/((-2)/(-3)). Let v = -1 + 1. Suppose -z + 4 = 4*l, -5*l